{"id":1356,"date":"2017-05-10T17:25:08","date_gmt":"2017-05-10T17:25:08","guid":{"rendered":"http:\/\/demo-df41a8f1.buergerbus-steinfurt.de\/?page_id=1356"},"modified":"2026-03-04T21:06:43","modified_gmt":"2026-03-04T21:06:43","slug":"impressum","status":"publish","type":"page","link":"https:\/\/buergerbus-steinfurt.de\/?page_id=1356","title":{"rendered":"Impressum"},"content":{"rendered":"<p><strong>B\u00fcrgerbus Steinfurt e.V.<\/strong><\/p>\n<p>Vorsitzender:<br \/>\nWerner Sundermann<br \/>\nLohkamp 8<br \/>\n48565 Steinfurt<\/p>\n<p>Telefon: 02551 \/ 4887<\/p>\n<p>E-Mail: info@buergerbus-steinfurt.de<\/p>\n<p>Der Verein &#8222;B\u00fcrgerbus Steinfurt&#8220; ist ein eingetragener Verein. Die Eintragung liegt vor beim Amtsgericht Steinfurt auf dem Registerblatt VR 1272<\/p>\n<pre class=\"moz-quote-pre\"><strong>     Kontakttelefonnummer B\u00fcrgerbus Steinfurt e.V.   02552 470 37 53\r\n<\/strong><\/pre>\n<p><strong>Haftungsausschluss<\/strong><br \/>\nDer Verfasser und Inhaber dieser Homepage \u00fcbernimmt keinerlei Gew\u00e4hr f\u00fcr die Aktualit\u00e4t, Korrektheit, Vollst\u00e4ndigkeit oder Qualit\u00e4t der bereitgestellten Informationen. Die Links und Informationen dieser Homepage werden nur zum Informationsaustausch bereitgestellt und begr\u00fcnden keine gesch\u00e4ftlichen oder beruflichen Beziehungen irgendwelcher Art. Sie dienen rein informativen Zwecken.<\/p>\n<p>Haftungsanspr\u00fcche gegen den Inhaber, die sich auf Sch\u00e4den materieller oder ideeller Art beziehen, welche durch die Nutzung oder Nichtnutzung der dargebotenen Informationen bzw. durch die Nutzung fehlerhafter und unvollst\u00e4ndiger Informationen verursacht wurden sind grunds\u00e4tzlich ausgeschlossen. Es sei denn, dass seitens des Inhabers ein nachweislich vors\u00e4tzliches oder grob fahrl\u00e4ssiges Verschulden vorliegt.<\/p>\n<p>Der Inhaber beh\u00e4lt es sich ausdr\u00fccklich vor, Teile der Seiten oder das gesamte Angebot ohne gesonderte Ank\u00fcndigung zu ver\u00e4ndern, zu erg\u00e4nzen, zu l\u00f6schen oder die Ver\u00f6ffentlichung zeitweise oder endg\u00fcltig einzustellen.<\/p>\n<p>Datenschutz<br \/>\nBei jedem Zugriff auf das Internetangebot und bei jedem Abruf einer Datei werden Daten \u00fcber diesen Vorgang in einer Protokolldatei gespeichert und verarbeitet.<br \/>\nIm Einzelnen werden \u00fcber jeden Zugriff\/Abruf folgende Daten gespeichert:<\/p>\n<p>Datum\/Uhrzeit, besuchte Seite, Beschreibung des Typs des verwendeten Webbrowsers, verwendetes Betriebssystem, IP-Adresse, Suchbegriffe<\/p>\n<p>Wenn die Daten verarbeitet und ausgewertet werden, dann ausschlie\u00dflich f\u00fcr statistische Zwecke. Die Zugriffsstatistik l\u00e4sst keine R\u00fcckschl\u00fcsse auf personenbezogene Daten zu.<\/p>\n<p>Beim Aufruf einzelner Seiten werden sog. tempor\u00e4re Cookies verwendet, um die Navigation zu erleichtern. Diese Session-Cookies beinhalten keine personenbezogenen Daten und verfallen nach Ablauf der Sitzung.<\/p>\n<p>Wenn Sie uns \u00fcber das Kontaktformular erreichen, werden die von Ihnen angegebenen pers\u00f6nlichen Daten ausschlie\u00dflich zur Bearbeitung Ihres Anliegens verwendet. Die pers\u00f6nlichen Daten werden nicht in unseren elektronischen Datenbestand aufgenommen. Eine Weitergabe an Dritte erfolgt nicht. Beachten Sie bitte, dass die Daten\u00fcbermittlung \u00fcber das Kontaktformular unverschl\u00fcsselt erfolgt &#8211; wir k\u00f6nnen daher nicht ausschlie\u00dfen, dass die Daten w\u00e4hrend der elektronischen \u00dcbertragung an uns von Dritten gelesen oder ver\u00e4ndert werden k\u00f6nnen. F\u00fcr vertrauliche Nachrichten nutzen Sie bitte den herk\u00f6mmlichen Postweg.<\/p>\n<p><strong>Verweise und Links<\/strong><br \/>\nVerweise auf Fachbeitr\u00e4ge im Internet erfolgen rein aus nicht-wirtschaftlichen, informativen Gr\u00fcnden. Das Recht an den Fachbeitr\u00e4gen haben ausschlie\u00dflich die dort zitierten Personen. Ist ein Link aufgrund rechtlicher Beschr\u00e4nkung nicht rechtm\u00e4\u00dfig oder von dem Inhaber der Web-Seite nicht erw\u00fcnscht, wird der Verweis umgehend auf Anzeige des Rechtsinhabers gel\u00f6scht.<br \/>\nAlle Links und Nennungen von Fachbeitr\u00e4gen, Personen oder anderen Daten auf dieser Homepage sind nicht als Wertung zu verstehen.<br \/>\nSofern auf Links direkt oder indirekt verwiesen wird, die au\u00dferhalb des Verantwortungsbereiches des Inhabers liegen, haftet dieser lediglich dann, wenn er nachweislich von den Inhalten Kenntnis hat und es ihm technisch m\u00f6glich und zumutbar w\u00e4re, die Nutzung im Falle rechtswidriger Inhalte zu verhindern. F\u00fcr dar\u00fcber hinausgehende Inhalte und insbesondere f\u00fcr Sch\u00e4den, die aus der Nutzung oder Nichtnutzung solcherart dargebotener Informationen entstehen, haftet allein der Anbieter dieser Seiten, nicht derjenige, der \u00fcber Links auf die jeweilige Ver\u00f6ffentlichung lediglich verweist. Diese Einschr\u00e4nkung gilt gleicherma\u00dfen auch f\u00fcr Fremdeintr\u00e4ge in vom Inhaber eingerichteten G\u00e4steb\u00fcchern, Diskussionsforen und Mailinglisten usw. F\u00fcr den Inhalt fremder Seiten ist somit ausschlie\u00dflich der betreffende Autor selbst verantwortlich, da wir keinerlei Einfluss auf die Gestaltung und die Inhalte der von uns gelinkten Seiten haben. Daher distanzieren wir uns vorsorglich und ausdr\u00fccklich von den Inhalten fremder Seiten.<\/p>\n<p><strong>Urheberrecht<\/strong><br \/>\nDer Inhaber ist bestrebt, in allen Publikationen die Urheberrechte der verwendeten Grafiken, Sounds und Texte zu beachten. Sollte sich auf den jeweiligen Seiten dennoch eine ungekennzeichnete, aber durch fremdes Copyright gesch\u00fctzte Grafik, ein Sound oder Text befinden, so konnte das Urheberrecht vom Inhaber nicht festgestellt werden. Im Falle einer solchen unbeabsichtigten Copyrightverletzung wird der Inhaber das entsprechende Objekt nach Benachrichtigung aus seiner Publikation entfernen bzw. mit dem entsprechenden Copyright kenntlich machen.<br \/>\nDas Copyright f\u00fcr ver\u00f6ffentlichte, vom Inhaber selbst erstellte Objekte bleibt allein beim Inhaber der Seiten. Eine Vervielf\u00e4ltigung oder Verwendung solcher Grafiken, Sounds oder Texte in anderen elektronischen oder gedruckten Publikationen ist nur mit ausdr\u00fccklicher Zustimmung des Inhabers gestattet. Zuwiderhandlungen werden zivil- und strafrechtlich verfolgt.<br \/>\nSollte irgendwelcher Inhalt oder die designtechnische Gestaltung einzelner Seiten oder Teile dieses Internetauftritts Rechte Dritter oder gesetzliche Bestimmungen verletzen oder anderweitig in irgendeiner Form wettbewerbsrechtliche Probleme hervorbringen, so bitten wir unter Berufung auf \u00a7 8 Abs. 4 UWG, um eine angemessene, ausreichend erl\u00e4uternde und schnelle Nachricht ohne Kostennote. Wir garantieren, dass die zu Recht beanstandeten Passagen oder Teile dieser Webseiten in angemessener Frist entfernt bzw. den rechtlichen Vorgaben umf\u00e4nglich angepasst werden, ohne dass von Ihrer Seite die Einschaltung eines Rechtsbeistandes erforderlich ist.<br \/>\nDie Einschaltung eines Anwaltes, zur f\u00fcr den Diensteanbieter kostenpflichtigen Abmahnung, entspricht nicht dessen wirklichen oder mutma\u00dflichen Willen und w\u00fcrde damit einen Verstoss gegen \u00a7 13 Abs. 5 UWG, wegen der Verfolgung sachfremder Ziele als beherrschendes Motiv der Verfahrenseinleitung, insbesondere einer Kostenerzielungsabsicht als eigentliche Triebfeder, sowie einen Versto\u00df gegen die Schadensminderungspflicht darstellen.<\/p>\n","protected":false},"excerpt":{"rendered":"<p>B\u00fcrgerbus Steinfurt e.V. Vorsitzender: Werner Sundermann Lohkamp 8 48565 Steinfurt Telefon: 02551 \/ 4887 E-Mail: info@buergerbus-steinfurt.de Der Verein &#8222;B\u00fcrgerbus Steinfurt&#8220; ist ein eingetragener Verein. Die Eintragung liegt vor beim Amtsgericht &#8230;<\/p>\n","protected":false},"author":1,"featured_media":0,"parent":0,"menu_order":0,"comment_status":"closed","ping_status":"closed","template":"","meta":{"footnotes":""},"class_list":["post-1356","page","type-page","status-publish","hentry"],"yoast_head":"<!-- This site is optimized with the Yoast SEO plugin v27.4 - https:\/\/yoast.com\/product\/yoast-seo-wordpress\/ -->\n<title>Impressum - B\u00fcrgerbus Steinfurt<\/title>\n<meta name=\"robots\" content=\"index, follow, max-snippet:-1, max-image-preview:large, max-video-preview:-1\" \/>\n<link rel=\"canonical\" href=\"https:\/\/buergerbus-steinfurt.de\/?page_id=1356\" \/>\n<meta property=\"og:locale\" content=\"de_DE\" \/>\n<meta property=\"og:type\" content=\"article\" \/>\n<meta property=\"og:title\" content=\"Impressum - B\u00fcrgerbus Steinfurt\" \/>\n<meta property=\"og:description\" content=\"B\u00fcrgerbus Steinfurt e.V. Vorsitzender: Werner Sundermann Lohkamp 8 48565 Steinfurt Telefon: 02551 \/ 4887 E-Mail: info@buergerbus-steinfurt.de Der Verein &#8222;B\u00fcrgerbus Steinfurt&#8220; ist ein eingetragener Verein. Die Eintragung liegt vor beim Amtsgericht ...\" \/>\n<meta property=\"og:url\" content=\"https:\/\/buergerbus-steinfurt.de\/?page_id=1356\" \/>\n<meta property=\"og:site_name\" content=\"B\u00fcrgerbus Steinfurt\" \/>\n<meta property=\"article:modified_time\" content=\"2026-03-04T21:06:43+00:00\" \/>\n<meta name=\"twitter:card\" content=\"summary_large_image\" \/>\n<meta name=\"twitter:label1\" content=\"Gesch\u00e4tzte Lesezeit\" \/>\n\t<meta name=\"twitter:data1\" content=\"5\u00a0Minuten\" \/>\n<script type=\"application\/ld+json\" class=\"yoast-schema-graph\">{\"@context\":\"https:\\\/\\\/schema.org\",\"@graph\":[{\"@type\":\"WebPage\",\"@id\":\"https:\\\/\\\/buergerbus-steinfurt.de\\\/?page_id=1356\",\"url\":\"https:\\\/\\\/buergerbus-steinfurt.de\\\/?page_id=1356\",\"name\":\"Impressum - B\u00fcrgerbus Steinfurt\",\"isPartOf\":{\"@id\":\"https:\\\/\\\/buergerbus-steinfurt.de\\\/#website\"},\"datePublished\":\"2017-05-10T17:25:08+00:00\",\"dateModified\":\"2026-03-04T21:06:43+00:00\",\"breadcrumb\":{\"@id\":\"https:\\\/\\\/buergerbus-steinfurt.de\\\/?page_id=1356#breadcrumb\"},\"inLanguage\":\"de\",\"potentialAction\":[{\"@type\":\"ReadAction\",\"target\":[\"https:\\\/\\\/buergerbus-steinfurt.de\\\/?page_id=1356\"]}]},{\"@type\":\"BreadcrumbList\",\"@id\":\"https:\\\/\\\/buergerbus-steinfurt.de\\\/?page_id=1356#breadcrumb\",\"itemListElement\":[{\"@type\":\"ListItem\",\"position\":1,\"name\":\"Startseite\",\"item\":\"https:\\\/\\\/buergerbus-steinfurt.de\\\/\"},{\"@type\":\"ListItem\",\"position\":2,\"name\":\"Impressum\"}]},{\"@type\":\"WebSite\",\"@id\":\"https:\\\/\\\/buergerbus-steinfurt.de\\\/#website\",\"url\":\"https:\\\/\\\/buergerbus-steinfurt.de\\\/\",\"name\":\"B\u00dcRGERBUS STEINFURT\",\"description\":\"\",\"publisher\":{\"@id\":\"https:\\\/\\\/buergerbus-steinfurt.de\\\/#organization\"},\"potentialAction\":[{\"@type\":\"SearchAction\",\"target\":{\"@type\":\"EntryPoint\",\"urlTemplate\":\"https:\\\/\\\/buergerbus-steinfurt.de\\\/?s={search_term_string}\"},\"query-input\":{\"@type\":\"PropertyValueSpecification\",\"valueRequired\":true,\"valueName\":\"search_term_string\"}}],\"inLanguage\":\"de\"},{\"@type\":\"Organization\",\"@id\":\"https:\\\/\\\/buergerbus-steinfurt.de\\\/#organization\",\"name\":\"B\u00fcrgerbus Steinfurt e.V.\",\"url\":\"https:\\\/\\\/buergerbus-steinfurt.de\\\/\",\"logo\":{\"@type\":\"ImageObject\",\"inLanguage\":\"de\",\"@id\":\"https:\\\/\\\/buergerbus-steinfurt.de\\\/#\\\/schema\\\/logo\\\/image\\\/\",\"url\":\"https:\\\/\\\/buergerbus-steinfurt.de\\\/wp-content\\\/uploads\\\/2022\\\/08\\\/2bb-steinfurt-logo-neu.png\",\"contentUrl\":\"https:\\\/\\\/buergerbus-steinfurt.de\\\/wp-content\\\/uploads\\\/2022\\\/08\\\/2bb-steinfurt-logo-neu.png\",\"width\":293,\"height\":75,\"caption\":\"B\u00fcrgerbus Steinfurt e.V.\"},\"image\":{\"@id\":\"https:\\\/\\\/buergerbus-steinfurt.de\\\/#\\\/schema\\\/logo\\\/image\\\/\"}}]}<\/script>\n<!-- \/ Yoast SEO plugin. -->","yoast_head_json":{"title":"Impressum - B\u00fcrgerbus Steinfurt","robots":{"index":"index","follow":"follow","max-snippet":"max-snippet:-1","max-image-preview":"max-image-preview:large","max-video-preview":"max-video-preview:-1"},"canonical":"https:\/\/buergerbus-steinfurt.de\/?page_id=1356","og_locale":"de_DE","og_type":"article","og_title":"Impressum - B\u00fcrgerbus Steinfurt","og_description":"B\u00fcrgerbus Steinfurt e.V. Vorsitzender: Werner Sundermann Lohkamp 8 48565 Steinfurt Telefon: 02551 \/ 4887 E-Mail: info@buergerbus-steinfurt.de Der Verein &#8222;B\u00fcrgerbus Steinfurt&#8220; ist ein eingetragener Verein. Die Eintragung liegt vor beim Amtsgericht ...","og_url":"https:\/\/buergerbus-steinfurt.de\/?page_id=1356","og_site_name":"B\u00fcrgerbus Steinfurt","article_modified_time":"2026-03-04T21:06:43+00:00","twitter_card":"summary_large_image","twitter_misc":{"Gesch\u00e4tzte Lesezeit":"5\u00a0Minuten"},"schema":{"@context":"https:\/\/schema.org","@graph":[{"@type":"WebPage","@id":"https:\/\/buergerbus-steinfurt.de\/?page_id=1356","url":"https:\/\/buergerbus-steinfurt.de\/?page_id=1356","name":"Impressum - B\u00fcrgerbus Steinfurt","isPartOf":{"@id":"https:\/\/buergerbus-steinfurt.de\/#website"},"datePublished":"2017-05-10T17:25:08+00:00","dateModified":"2026-03-04T21:06:43+00:00","breadcrumb":{"@id":"https:\/\/buergerbus-steinfurt.de\/?page_id=1356#breadcrumb"},"inLanguage":"de","potentialAction":[{"@type":"ReadAction","target":["https:\/\/buergerbus-steinfurt.de\/?page_id=1356"]}]},{"@type":"BreadcrumbList","@id":"https:\/\/buergerbus-steinfurt.de\/?page_id=1356#breadcrumb","itemListElement":[{"@type":"ListItem","position":1,"name":"Startseite","item":"https:\/\/buergerbus-steinfurt.de\/"},{"@type":"ListItem","position":2,"name":"Impressum"}]},{"@type":"WebSite","@id":"https:\/\/buergerbus-steinfurt.de\/#website","url":"https:\/\/buergerbus-steinfurt.de\/","name":"B\u00dcRGERBUS STEINFURT","description":"","publisher":{"@id":"https:\/\/buergerbus-steinfurt.de\/#organization"},"potentialAction":[{"@type":"SearchAction","target":{"@type":"EntryPoint","urlTemplate":"https:\/\/buergerbus-steinfurt.de\/?s={search_term_string}"},"query-input":{"@type":"PropertyValueSpecification","valueRequired":true,"valueName":"search_term_string"}}],"inLanguage":"de"},{"@type":"Organization","@id":"https:\/\/buergerbus-steinfurt.de\/#organization","name":"B\u00fcrgerbus Steinfurt e.V.","url":"https:\/\/buergerbus-steinfurt.de\/","logo":{"@type":"ImageObject","inLanguage":"de","@id":"https:\/\/buergerbus-steinfurt.de\/#\/schema\/logo\/image\/","url":"https:\/\/buergerbus-steinfurt.de\/wp-content\/uploads\/2022\/08\/2bb-steinfurt-logo-neu.png","contentUrl":"https:\/\/buergerbus-steinfurt.de\/wp-content\/uploads\/2022\/08\/2bb-steinfurt-logo-neu.png","width":293,"height":75,"caption":"B\u00fcrgerbus Steinfurt e.V."},"image":{"@id":"https:\/\/buergerbus-steinfurt.de\/#\/schema\/logo\/image\/"}}]}},"_links":{"self":[{"href":"https:\/\/buergerbus-steinfurt.de\/index.php?rest_route=\/wp\/v2\/pages\/1356","targetHints":{"allow":["GET"]}}],"collection":[{"href":"https:\/\/buergerbus-steinfurt.de\/index.php?rest_route=\/wp\/v2\/pages"}],"about":[{"href":"https:\/\/buergerbus-steinfurt.de\/index.php?rest_route=\/wp\/v2\/types\/page"}],"author":[{"embeddable":true,"href":"https:\/\/buergerbus-steinfurt.de\/index.php?rest_route=\/wp\/v2\/users\/1"}],"replies":[{"embeddable":true,"href":"https:\/\/buergerbus-steinfurt.de\/index.php?rest_route=%2Fwp%2Fv2%2Fcomments&post=1356"}],"version-history":[{"count":7,"href":"https:\/\/buergerbus-steinfurt.de\/index.php?rest_route=\/wp\/v2\/pages\/1356\/revisions"}],"predecessor-version":[{"id":5354,"href":"https:\/\/buergerbus-steinfurt.de\/index.php?rest_route=\/wp\/v2\/pages\/1356\/revisions\/5354"}],"wp:attachment":[{"href":"https:\/\/buergerbus-steinfurt.de\/index.php?rest_route=%2Fwp%2Fv2%2Fmedia&parent=1356"}],"curies":[{"name":"wp","href":"https:\/\/api.w.org\/{rel}","templated":true}]}}